{"id":1146,"date":"2026-09-03T07:21:25","date_gmt":"2026-09-03T07:21:25","guid":{"rendered":"https:\/\/ipocasfurniture.com\/?post_type=product&#038;p=1146"},"modified":"2026-09-03T07:21:25","modified_gmt":"2026-09-03T07:21:25","slug":"vented-cantilever-patio-umbrella-for-wholesale-sourcing","status":"publish","type":"product","link":"https:\/\/ipocasfurniture.com\/pt\/vented-cantilever-patio-umbrella-for-wholesale-sourcing\/","title":{"rendered":"Guarda-sol de p\u00e1tio em balan\u00e7o com ventila\u00e7\u00e3o para aquisi\u00e7\u00e3o por grosso"},"content":{"rendered":"<p>Este guarda-sol de p\u00e1tio em balan\u00e7o suspende uma cobertura bege a partir de um bra\u00e7o curvo apoiado por um poste deslocado, mantendo o poste vertical ao lado da \u00e1rea de estar \u00e0 sombra. As varas radiais sustentam a cobertura, que possui uma abertura central elevada e se dobra para arruma\u00e7\u00e3o. As aplica\u00e7\u00f5es incluem p\u00e1tios, terra\u00e7os e \u00e1reas de estar no jardim.<\/p>","protected":false},"excerpt":{"rendered":"<p>Guarda-sol de p\u00e1tio em cantil\u00e9ver com um mastro deslocado, bra\u00e7o de suporte curvo e cobertura bege com aberturas de ventila\u00e7\u00e3o. A cobertura dobra-se para arruma\u00e7\u00e3o. Concebido para proporcionar sombra aos assentos do p\u00e1tio exterior, a sua configura\u00e7\u00e3o vis\u00edvel pode servir de refer\u00eancia para especifica\u00e7\u00f5es de aquisi\u00e7\u00e3o em grande escala.<\/p>","protected":false},"featured_media":1151,"template":"","meta":{"_gspb_post_css":""},"product_brand":[],"product_cat":[24,25],"product_tag":[292,180,293],"class_list":["post-1146","product","type-product","status-publish","has-post-thumbnail","product_cat-garden-shades","product_cat-patio-umbrellas-bases","product_tag-cantilever-patio-umbrella","product_tag-offset-frame","product_tag-patio-shade-procurement","first","instock","shipping-taxable","product-type-simple"],"_links":{"self":[{"href":"https:\/\/ipocasfurniture.com\/pt\/wp-json\/wp\/v2\/product\/1146","targetHints":{"allow":["GET"]}}],"collection":[{"href":"https:\/\/ipocasfurniture.com\/pt\/wp-json\/wp\/v2\/product"}],"about":[{"href":"https:\/\/ipocasfurniture.com\/pt\/wp-json\/wp\/v2\/types\/product"}],"wp:featuredmedia":[{"embeddable":true,"href":"https:\/\/ipocasfurniture.com\/pt\/wp-json\/wp\/v2\/media\/1151"}],"wp:attachment":[{"href":"https:\/\/ipocasfurniture.com\/pt\/wp-json\/wp\/v2\/media?parent=1146"}],"wp:term":[{"taxonomy":"product_brand","embeddable":true,"href":"https:\/\/ipocasfurniture.com\/pt\/wp-json\/wp\/v2\/product_brand?post=1146"},{"taxonomy":"product_cat","embeddable":true,"href":"https:\/\/ipocasfurniture.com\/pt\/wp-json\/wp\/v2\/product_cat?post=1146"},{"taxonomy":"product_tag","embeddable":true,"href":"https:\/\/ipocasfurniture.com\/pt\/wp-json\/wp\/v2\/product_tag?post=1146"}],"curies":[{"name":"wp","href":"https:\/\/api.w.org\/{rel}","templated":true}]}}

Guarda-sol de pátio em balanço com ventilação para aquisição por grosso

<p>Este guarda-sol de pátio em balanço suspende uma cobertura bege a partir de um braço curvo apoiado por um poste deslocado, mantendo o poste vertical ao lado da área de estar à sombra. As varas radiais sustentam a cobertura, que possui uma abertura central elevada e se dobra para arrumação. As aplicações incluem pátios, terraços e áreas de estar no jardim.</p>

<p>Guarda-sol de pátio em cantiléver com um mastro deslocado, braço de suporte curvo e cobertura bege com aberturas de ventilação. A cobertura dobra-se para arrumação. Concebido para proporcionar sombra aos assentos do pátio exterior, a sua configuração visível pode servir de referência para especificações de aquisição em grande escala.</p>
