{"id":966,"date":"2026-09-02T08:47:03","date_gmt":"2026-09-02T08:47:03","guid":{"rendered":"https:\/\/ipocasfurniture.com\/?post_type=product&#038;p=966"},"modified":"2026-09-02T08:47:04","modified_gmt":"2026-09-02T08:47:04","slug":"cantilever-patio-umbrella-for-wholesale-sourcing-projects","status":"publish","type":"product","link":"https:\/\/ipocasfurniture.com\/pt\/cantilever-patio-umbrella-for-wholesale-sourcing-projects\/","title":{"rendered":"Guarda-sol de p\u00e1tio em cantil\u00e9ver para projetos de aquisi\u00e7\u00e3o por grosso"},"content":{"rendered":"<p>Este guarda-sol de p\u00e1tio em balan\u00e7o utiliza um poste lateral e um bra\u00e7o de suporte superior para posicionar a sua cobertura por cima dos assentos exteriores, mantendo o espa\u00e7o central livre para o mobili\u00e1rio. Uma abertura de ventila\u00e7\u00e3o superior elevada define a cobertura em camadas, enquanto uma manivela e um punho alongado se encontram no poste de suporte. A cobertura em tom cinzento-acastanhado e a estrutura em tom dourado proporcionam um aspeto harmonioso aos arranjos de sombra em p\u00e1tios e terra\u00e7os.<\/p>","protected":false},"excerpt":{"rendered":"<p>Guarda-sol de p\u00e1tio em cantil\u00e9ver com estrutura deslocada, cobertura em tons de cinza-acastanhado em camadas e manivela manual. O suporte montado lateralmente deixa espa\u00e7o para assentos no p\u00e1tio, oferecendo uma op\u00e7\u00e3o de disposi\u00e7\u00e3o para os compradores que procuram solu\u00e7\u00f5es de sombra para exteriores no \u00e2mbito de aquisi\u00e7\u00f5es em grande escala.<\/p>","protected":false},"featured_media":969,"template":"","meta":{"_gspb_post_css":""},"product_brand":[],"product_cat":[24,25],"product_tag":[179,180,181],"class_list":["post-966","product","type-product","status-publish","has-post-thumbnail","product_cat-garden-shades","product_cat-patio-umbrellas-bases","product_tag-cantilever-umbrellas","product_tag-offset-frame","product_tag-patio-shade-sourcing","first","instock","shipping-taxable","product-type-simple"],"_links":{"self":[{"href":"https:\/\/ipocasfurniture.com\/pt\/wp-json\/wp\/v2\/product\/966","targetHints":{"allow":["GET"]}}],"collection":[{"href":"https:\/\/ipocasfurniture.com\/pt\/wp-json\/wp\/v2\/product"}],"about":[{"href":"https:\/\/ipocasfurniture.com\/pt\/wp-json\/wp\/v2\/types\/product"}],"wp:featuredmedia":[{"embeddable":true,"href":"https:\/\/ipocasfurniture.com\/pt\/wp-json\/wp\/v2\/media\/969"}],"wp:attachment":[{"href":"https:\/\/ipocasfurniture.com\/pt\/wp-json\/wp\/v2\/media?parent=966"}],"wp:term":[{"taxonomy":"product_brand","embeddable":true,"href":"https:\/\/ipocasfurniture.com\/pt\/wp-json\/wp\/v2\/product_brand?post=966"},{"taxonomy":"product_cat","embeddable":true,"href":"https:\/\/ipocasfurniture.com\/pt\/wp-json\/wp\/v2\/product_cat?post=966"},{"taxonomy":"product_tag","embeddable":true,"href":"https:\/\/ipocasfurniture.com\/pt\/wp-json\/wp\/v2\/product_tag?post=966"}],"curies":[{"name":"wp","href":"https:\/\/api.w.org\/{rel}","templated":true}]}}

Guarda-sol de pátio em cantiléver para projetos de aquisição por grosso

<p>Este guarda-sol de pátio em balanço utiliza um poste lateral e um braço de suporte superior para posicionar a sua cobertura por cima dos assentos exteriores, mantendo o espaço central livre para o mobiliário. Uma abertura de ventilação superior elevada define a cobertura em camadas, enquanto uma manivela e um punho alongado se encontram no poste de suporte. A cobertura em tom cinzento-acastanhado e a estrutura em tom dourado proporcionam um aspeto harmonioso aos arranjos de sombra em pátios e terraços.</p>

<p>Guarda-sol de pátio em cantiléver com estrutura deslocada, cobertura em tons de cinza-acastanhado em camadas e manivela manual. O suporte montado lateralmente deixa espaço para assentos no pátio, oferecendo uma opção de disposição para os compradores que procuram soluções de sombra para exteriores no âmbito de aquisições em grande escala.</p>
